- -3a?
9706a
In base 4, what is -1331 + -333122233?
-333130230
In base 8, what is -12054 + 327?
-11525
In base 2, what is 1101010100010011110 + -110000?
1101010100001101110
In base 10, what is -864463 + -5?
-864468
In base 6, what is -24322054 + -304?
-24322402
In base 4, what is -10212121 + -1322?
-10220103
In base 7, what is 4125 + -421?
3404
In base 15, what is 17 + 1c561?
1c578
In base 14, what is -40c2 + -923?
-4a05
In base 4, what is -1123 - 101231330?
-101233113
In base 8, what is 456373 + 55?
456450
In base 11, what is -4 - 127a061?
-127a065
In base 2, what is 1 + -100001110001100000011000?
-100001110001100000010111
In base 7, what is -21062431 - -122?
-21062306
In base 10, what is -675039 + 17?
-675022
In base 16, what is 1a74e14 + c?
1a74e20
In base 11, what is -11a32 + 8a44?
-3a99
In base 8, what is 0 + 27435532?
27435532
In base 14, what is 3 - 3a13b10?
-3a13b0b
In base 7, what is -5 - 646031660?
-646031665
In base 12, what is 1 - 726749?
-726748
In base 16, what is 603d9f1 - -3?
603d9f4
In base 4, what is -2021 + 111133221?
111131200
In base 16, what is 1733 - -59b1?
70e4
In base 3, what is -111211100120201 - 12?
-111211100120220
In base 6, what is 133502 - -422?
134324
In base 14, what is 7b - 25c75?
-25bd8
In base 9, what is -243038 + 1086?
-241842
In base 16, what is 4d5 - 4dea2?
-4d9cd
In base 8, what is -4 + 2527326?
2527322
In base 7, what is -3 - 14026040?
-14026043
In base 3, what is -2021122222022 + 1110?
-2021122220212
In base 14, what is -121625 + 0?
-121625
In base 7, what is 1220453336 - 3?
1220453333
In base 7, what is 443305 + -2?
443303
In base 8, what is 1153427 - -2201?
1155630
In base 13, what is -30 + -4a41c?
-4a44c
In base 11, what is -3206453a + 6?
-32064534
In base 2, what is -100011100111000011100110101 + 1?
-100011100111000011100110100
In base 2, what is -1001010010010 + 100110111101?
-100011010101
In base 6, what is 312332225 + 3?
312332232
In base 13, what is 65540b - -10?
65541b
In base 10, what is -37 - -1211273?
1211236
In base 4, what is -3211310031202 - -1?
-3211310031201
In base 13, what is a14264 - -17?
a1427b
In base 11, what is -77 + 742115?
742049
In base 16, what is 7d0f + 32?
7d41
In base 2, what is 1 + -1010111101000001101111?
-1010111101000001101110
In base 16, what is -3 + -3db71eb?
-3db71ee
In base 5, what is -1 - -4003312330?
4003312324
In base 13, what is 1944782 + -78?
1944707
In base 3, what is 122121121012020 - 12?
122121121012001
In base 7, what is -134 + -21603562?
-21604026
In base 4, what is -30 - -320323101313?
320323101223
In base 4, what is 101303330001313 - 2?
101303330001311
In base 14, what is 23b0dbd + -6?
23b0db7
In base 4, what is 1333203122301 - -3?
1333203122310
In base 8, what is 20765676 + 0?
20765676
In base 4, what is -2030103012221 + 3?
-2030103012212
In base 8, what is 1065355 + -220?
1065135
In base 15, what is -77 + -cd1d1?
-cd258
In base 8, what is -170 + 153015?
152625
In base 7, what is -4501135411 - 1?
-4501135412
In base 4, what is 2331 - -12102?
21033
In base 3, what is -201100110222 + 11?
-201100110211
In base 14, what is -605acb + -139?
-605c26
In base 3, what is -20000221100 + -2101?
-20001000201
In base 6, what is 11051 + 2244034?
2255125
In base 4, what is 2031202 - -13?
2031221
In base 11, what is 2057833 - -1?
2057834
In base 16, what is -aa111b - -2?
-aa1119
In base 9, what is -46 - 172710?
-172756
In base 5, what is -1 - 11300331204?
-11300331210
In base 11, what is 23a4 - -81a70?
84364
In base 12, what is 2974 - -10147?
12abb
In base 11, what is -5 - -995818?
995813
In base 12, what is -b117 - b33b?
-1a456
In base 6, what is -200425 + -402?
-201231
In base 8, what is -27 - 3236105?
-3236134
In base 4, what is -2 + 111122130013?
111122130011
In base 7, what is 11242254 - -244?
11242531
In base 15, what is -b + 24315ae?
24315a3
In base 9, what is -34 + 25135214?
25135170
In base 13, what is 15505 - -c12?
16417
In base 12, what is -18 - 3144a61?
-3144a79
In base 6, what is -415443050 - 4?
-415443054
In base 16, what is 8a29fc - -2?
8a29fe
In base 3, what is -21021100011 - 202?
-21021100220
In base 13, what is 56a0 + 380?
5a50
In base 7, what is -13433420666 - -2?
-13433420664
In base 3, what is 2 - 11001002110222?
-11001002110220
In base 12, what is 8809a612 - 2?
8809a610
In base 16, what is 11 - -5ef36?
5ef47
In base 14, what is -79bd48 - 1?
-79bd49
In base 7, what is 3 + 14102624?
14102630
In base 4, what is -12321003213 + -20?
-12321003233
In base 14, what is 25916d46 - -5?
25916d4b
In base 15, what is 5 + 1ab05a58?
1ab05a5d
In base 7, what is -120435236 - -2?
-120435234
In base 15, what is 4 - -557e10?
557e14
In base 16, what is -8ea3 - -c8f?
-8214
In base 6, what is 3240555 + -122?
3240433
In base 7, what is -110011 - -1310?
-105401
In base 2, what is -10100110111011100 + -11100?
-10100110111111000
In base 9, what is 3517174 - -1123?
3518307
In base 2, what is 100111 + 1101000100010111011?
1101000100011100010
In base 12, what is 1 + 9194955?
9194956
In base 13, what is -227 + 7387?
7160
In base 8, what is -222343522 - 1?
-222343523
In base 6, what is -1312 - 1141?
-2453
In base 10, what is 630353051 + -4?
630353047
In base 14, what is -3a501 - c?
-3a50d
In base 3, what is -1 - 122121121010020?
-122121121010021
In base 5, what is -3141242401 - -1?
-3141242400
In base 15, what is -4b7e - 10d?
-4c8c
In base 9, what is -3 + 15217535?
15217532
In base 16, what is -613f96 + -3?
-613f99
In base 10, what is 18679404 + -3?
18679401
In base 6, what is 22 - 4431424?
-4431402
In base 11, what is 132 + -11848a7?
-1184775
In base 6, what is 30232320435 - -3?
30232320442
In base 7, what is 53166 + -2016?
51150
In base 14, what is 102 - -12403d?
124141
In base 3, what is 0 - -10000221102121?
10000221102121
In base 6, what is 3 - 343144010?
-343144003
In base 12, what is -66aa0 - -48b?
-66611
In base 3, what is 11011220001 - 22110?
11011120121
In base 13, what is -1cc - -cb625?
cb426
In base 10, what is 10 + 15125691?
15125701
In base 6, what is 1425341 - -1314?
1431055
In base 10, what is -779766 + -192?
-779958
In base 4, what is 211 - 22202121321?
-22202121110
In base 9, what is 4366574 - 5?
4366568
In base 12, what is 5751 - -707?
6258
In base 3, what is -221222102112 - -2?
-221222102110
In base 13, what is -7 - -879b7b7?
879b7b0
In base 3, what is 1001 - -20212102201?
20212110202
In base 2, what is -1010011101011 + 100110110?
-1001110110101
In base 6, what is 1240505022 - 2?
1240505020
In base 14, what is -13a09 - 128c?
-14c97
In base 16, what is -6 + 28c6e8?
28c6e2
In base 2, what is -1011011101111101101 + 1001010?
-1011011101110100011
In base 5, what is 212331134114 + 4?
212331134123
In base 5, what is -10 - 2143141311?
-2143141321
In base 5, what is 2 - 3022402321?
-3022402314
In base 14, what is -1c - 16d385c?
-16d387a
In base 5, what is 43320 + -2234430?
-2141110
In base 12, what is 2035a98 + 6?
2035aa2
In base 7, what is -244432 + -4603?
-252335
In base 12, what is -1712223 - 5?
-1712228
In base 16, what is 5 + -b15af9?
-b15af4
In base 3, what is 1002000 + 2012010?
10021010
In base 15, what is -66e6 - -24da?
-420b
In base 4, what is 2220020300 - -20?
2220020320
In base 3, what is -210022112012 - -1001?
-210022111011
In base 15, what is -2a15e6 + -4?
-2a15ea
In base 16, what is 11 - 49664?
-49653
In base 8, what is -534507747 + 4?
-534507743
In base 7, what is -202111 - -204522?
2411
In base 15, what is 105b97 + -8?
105b8e
In base 10, what is -9685295 - -174?
-9685121
In base 7, what is 45110 - -60524?
135634
In base 16, what is 2 - -23aa61?
23aa63
In base 13, what is 798 + 10120?
108b8
In base 4, what is -13 - 300102120?
-300102133
In base 7, what is 33 + 523531?
523564
In base 14, what is 2 + 23409d?
2340a1
In base 12, what is -867 - -8821?
7b76
In base 6, what is -24110 - 31224?
-55334
In base 12, what is -89b - 26353?
-27032
In base 7, what is 10616 + -504?
10112
In base 5, what is -1220 - 11023414?
-11030134
In base 7, what is 155343 - -1206?
156552
In base 4, what is 12320111112 - -1033?
12320112211
In base 8, what is -1002 + -544716?
-545720
In base 2, what is 1000011 + 1000010000111100011?
1000010001000100110
In base 11, what is -37527 - -116?
-37411
In base 10, what is 5275345 + 10?
5275355
In base 10, what is -113 - 28187?
-28300
In ba